{"id":2730,"date":"2025-09-10T16:28:35","date_gmt":"2025-09-10T14:28:35","guid":{"rendered":"https:\/\/stadtgarten-verein.koeln\/?page_id=2730"},"modified":"2025-09-10T17:34:22","modified_gmt":"2025-09-10T15:34:22","slug":"rot-buche-fagus-sylvatica","status":"publish","type":"page","link":"https:\/\/stadtgarten-verein.koeln\/index.php\/stadtgarten-karte\/rot-buche-fagus-sylvatica\/","title":{"rendered":"Rot-Buche (Fagus sylvatica)"},"content":{"rendered":"\n<p>Die Gattung der Buchen ist mit etwa 10 Arten in der n\u00f6rdlichen gem\u00e4\u00dfigten Zone Europas, Asiens und Nordamerikas vertreten. Die Rot-Buche ist die einzige nat\u00fcrlich verbreitete Art in Deutschland. Ihr Verbreitungsgebiet ist durch ein gem\u00e4\u00dfigtes, atlantisch beeinflusstes Klima gepr\u00e4gt. Sie kommt in West- und Mitteleuropa sowie in den montanen Lagen S\u00fcdeuropas nat\u00fcrlich vor. Im Osten und Norden Europas wir Ihr Vorkommen durch niedrige Temperaturen und Sp\u00e4tfr\u00f6ste begrenzt.<\/p>\n\n\n\n<p>Bereits im Terti\u00e4r war die Gattung der Buchen in Mitteleuropa verbreitet, unter anderem konnte sie in den Sedimenten der Niederrheinischen Bucht nachgewiesen werden. Vor etwa 2 Millionen Jahren entstand die in der heutigen Zeit lebende Rot-Buche. In der letzten Kaltzeit wurde sie n\u00f6rdlich der Alpen verdr\u00e4ngt und \u00fcberdauerte diesen Zeitraum in Refugien S\u00fcditaliens und des \u00f6stlichen S\u00fcdeuropas. Nach der letzten Kaltzeit kehrte die Rot-Buche etwa vor 14000 Jahren von S\u00fcdeuropa \u00fcber den Balkan nach Mitteleuropa zur\u00fcck. Von S\u00fcden kommend erreichte sie vor etwa 8000 Jahren die Alpen und schlie\u00dflich vor etwa 4000 Jahren die nord- und ostdeutschen Gebiete.<\/p>\n\n\n\n<p>Die Rot-Buche kann H\u00f6hen von bis zu 45 m und ein Alter von 300-400 Jahren erreichen, wird in Einzelf\u00e4llen jedoch auch \u00e4lter. In den ober\u00f6sterreichischen Kalkalpen hat ein italienisches Forscherteam einen durch jahrhundertelangen Kampf gegen klimatische Extreme gepr\u00e4gten Baum mit einem Alter von 547 Jahren entdecken k\u00f6nnen.<\/p>\n\n\n\n<p>Der sommergr\u00fcne Laubbaum hat frischgr\u00fcn austreibende Bl\u00e4tter, die im Sommer auf der Blattoberseite dunkelgr\u00fcn werden. Im Herbst verf\u00e4rbt sich das Laub in den Farbt\u00f6nen zwischen Gelb, Orange und Rotbraun. Im Winter bleiben die vertrockneten Bl\u00e4tter mitunter lange an den Zweigen haften. Die schnittvertr\u00e4gliche Baumart wird gerne als Heckenpflanze verwendet, ihre lang anhaftendes Laub macht die Hecken auch im Winter blickdicht. In Landschaften wie dem Monschauer Heckenland werden diese Eigenschaften seit mindestens dem 17. Jahrhundert genutzt. Um die H\u00e4user und H\u00f6fe auf den baumlosen Eifelhochfl\u00e4chen gegen die eisigen Westwinde im Winter zu sch\u00fctzen, wurden spektakul\u00e4re, teilweise bis zu 10 m hohe Windschutzhecken aus der Rot-Buche angelegt. Daneben wurden dort auch zahlreiche Flurhecken zur Einfriedung der \u00c4cker und Felder gepflanzt.<\/p>\n\n\n\n<p>Von der Rot-Buche gibt es einige Kulturformen, die sich im Wuchs, der Farbe und der Form des Laubes unterscheiden. Einige der sch\u00f6nsten Exemplare des Landes werden auf den folgenden Seiten beschrieben.<\/p>\n\n\n\n<p>Der Name der Baumart bezieht sich nicht, wie h\u00e4ufig angenommen, auf die Farbe des Laubes, sondern auf die r\u00f6tliche F\u00e4rbung des Holzes nach der Verarbeitung. Das feinporige und harte Holz findet vielf\u00e4ltige Verwendungsm\u00f6glichkeiten. Es wird f\u00fcr M\u00f6bel, Parkette, harte Haushaltsgegenst\u00e4nde wie Kochl\u00f6ffel und W\u00e4scheklammern, Spielzeuge, Schnitt- und Furnierholz aber auch Industrie- und Brennholz verwendet. Etwa 1\/6 des gesamten Holzeinschlages Deutschlands stammt von der Rotbuche.<\/p>\n\n\n\n<p>Bis ins hohe Alter hat sie eine graue, d\u00fcnne und glatte Rinde, in der sich h\u00e4ufig Liebespaare durch das Einritzen von Herzen und Initialen verewigen. Ihre von September bis Oktober reifenden Fr\u00fcchte dienen zahlreichen V\u00f6geln und S\u00e4ugetieren als Nahrung. Die Tiere sorgen mit der Einlagerung der dreikantigen Bucheckern in Nahrungsverstecke f\u00fcr eine Verbreitung der Samen.<\/p>\n\n\n\n<p>Die Rot-Buche ist nach der letzten Waldinventur im Jahr 2014 mit einem Anteil von etwa 19 % der h\u00e4ufigste Laubbaum in den Nordrhein-Westf\u00e4lischen W\u00e4ldern. Auf den meisten Standorten Mitteleuropas w\u00fcrde sie das nat\u00fcrliche Endstadium, die sogenannte Klimaxwald-Gesellschaft bilden und wird daher auch als \u201eMutter des Waldes\u201c bezeichnet. Sie bevorzugt n\u00e4hrstoffreiche, feuchte und tiefgr\u00fcndige Lehmb\u00f6den, w\u00e4chst aber auf fast allen mittleren Standorten. Lediglich staunasse, \u00fcberschwemmte und sehr trockene B\u00f6den sowie Hochgebirgslagen begrenzen ihren nat\u00fcrlichen Lebensraum.<\/p>\n\n\n\n<p>Obwohl sie in der Jugend kein schnelles Wachstum vorlegt, kann sie sich durch ihre Schattenfestigkeit im Waldbestand sehr gut durchsetzen. Selbst bei schlechten Lichtverh\u00e4ltnissen gelingt es ihr, sich im Unterstand zu behaupten. Sobald sie sich einen Raum im Kronenbereich erk\u00e4mpft hat, setzt sie sich auf geeigneten Standorten gegen die meisten Baumarten durch. Mit ihrem dichten Laubwerk verdr\u00e4ngt sie durch Lichtentzug jegliche Konkurrenz unter Ihrer Krone.<\/p>\n\n\n\n<p>H\u00e4tte der Mensch nicht in die Baumartenzusammensetzung der nat\u00fcrlichen W\u00e4lder eingegriffen, w\u00fcrde die Rot-Buche bis heute vermutlich die Waldgesellschaften Mitteleuropas dominieren. Es ist jedoch auch davon auszugehen, dass sich die Baumart gerade durch die Unterst\u00fctzung des Menschen rasch verbreiten konnte. Als die Rot-Buche nach den Kaltzeiten des Quart\u00e4rs wieder \u00fcber die Alpen nach Mitteleuropa vordrang, waren alle Fl\u00e4chen bereits mit Baumarten, die sich schneller ausbreiten konnten, dicht bewaldet. Die vielf\u00e4ltigen Eingriffe des Menschen in die Struktur der W\u00e4lder schufen Freir\u00e4ume und bereiteten ihr g\u00fcnstige Voraussetzungen f\u00fcr Ihre Verbreitung vor. Andererseits f\u00fchrte die gro\u00dffl\u00e4chige \u00dcbernutzung der Laubw\u00e4lder bis zum Beginn des 19. Jahrhunderts dazu, dass die Rot-Buche wieder aus den W\u00e4ldern verschwand und durch andere Baumarten wie die Fichte ersetzt wurde. Nat\u00fcrliche Rot-Buchen-Urw\u00e4lder gibt es in Deutschland durch die seit Jahrtausenden andauernde menschliche Einflussnahme nicht mehr.<\/p>\n\n\n\n<p>Im innerst\u00e4dtischen Raum sterben Rot-Buchen h\u00e4ufig durch menschliche Eingriffe. Ihre d\u00fcnne Rinde vertr\u00e4gt die Entfernung des sch\u00fctzenden Nachbarbaumes nicht. Auf eine pl\u00f6tzliche Freistellung reagiert sie wie wir Menschen mit einem Sonnenbrand. Die Besch\u00e4digung des Wurzelwerks und der Rinde ist h\u00e4ufig die Ursache f\u00fcr die Ausbreitung holzzersetzender Pilze. Werden die Wurzeln durch Grabungsarbeiten oder das Befahren mit schweren Maschinen besch\u00e4digt, sterben die B\u00e4ume oftmals innerhalb weniger Jahre ab. Die Rot-Buche toleriert ebenfalls keine Boden-Aufsch\u00fcttungen im Wurzelbereich.<\/p>\n\n\n\n<p>Die neuen klimatischen Ver\u00e4nderungen sind jedoch im Hinblick auf den Fortbestand der Rot-Buche besorgniserregend. In Deutschland wird der notwendige Mindest-Jahresniederschlag von etwa 500 mm seit dem Jahr 2018 in einigen Gebieten deutlich unterschritten. Der vorhandene Baumbestand hat sich in den letzten Jahrzehnten und teilweise Jahrhunderten mit h\u00f6heren Niederschlagsmengen entwickelt und dementsprechend das Verh\u00e4ltnis von Blatt- zu Wurzelmasse ausgebildet. Die Rot-Buche ist nicht in der Lage, mit einer Reduktion der Kronenmasse auf den Wassermangel zu reagieren und vertrocknet daher auf vielen Fl\u00e4chen. Sie wird sich auf Dauer nur in Wuchsgebieten mit einem ausreichenden Jahresniederschlag und kurzen Trockenzeiten halten k\u00f6nnen.<\/p>\n\n\n\n<figure class=\"wp-block-image size-full\"><img loading=\"lazy\" decoding=\"async\" width=\"516\" height=\"433\" src=\"https:\/\/stadtgarten-verein.koeln\/wp-content\/uploads\/2025\/09\/22-Rot-Buche.jpg\" alt=\"\" class=\"wp-image-2733\" srcset=\"https:\/\/stadtgarten-verein.koeln\/wp-content\/uploads\/2025\/09\/22-Rot-Buche.jpg 516w, https:\/\/stadtgarten-verein.koeln\/wp-content\/uploads\/2025\/09\/22-Rot-Buche-300x252.jpg 300w\" sizes=\"auto, (max-width: 516px) 100vw, 516px\" \/><\/figure>\n\n\n\n<p>Bildquelle: Christoph Michels, Dipl. Forstwirt<\/p>\n","protected":false},"excerpt":{"rendered":"<p>Die Gattung der Buchen ist mit etwa 10 Arten in der n\u00f6rdlichen gem\u00e4\u00dfigten Zone Europas, Asiens und Nordamerikas vertreten. Die Rot-Buche ist die einzige nat\u00fcrlich verbreitete Art in Deutschland. Ihr Verbreitungsgebiet ist durch ein gem\u00e4\u00dfigtes, atlantisch beeinflusstes Klima gepr\u00e4gt. Sie kommt in West- und Mitteleuropa sowie in den montanen Lagen S\u00fcdeuropas nat\u00fcrlich vor. Im Osten [&hellip;]<\/p>\n","protected":false},"author":2,"featured_media":0,"parent":2139,"menu_order":0,"comment_status":"closed","ping_status":"closed","template":"","meta":{"footnotes":""},"class_list":["post-2730","page","type-page","status-publish","hentry"],"_links":{"self":[{"href":"https:\/\/stadtgarten-verein.koeln\/index.php\/wp-json\/wp\/v2\/pages\/2730","targetHints":{"allow":["GET"]}}],"collection":[{"href":"https:\/\/stadtgarten-verein.koeln\/index.php\/wp-json\/wp\/v2\/pages"}],"about":[{"href":"https:\/\/stadtgarten-verein.koeln\/index.php\/wp-json\/wp\/v2\/types\/page"}],"author":[{"embeddable":true,"href":"https:\/\/stadtgarten-verein.koeln\/index.php\/wp-json\/wp\/v2\/users\/2"}],"replies":[{"embeddable":true,"href":"https:\/\/stadtgarten-verein.koeln\/index.php\/wp-json\/wp\/v2\/comments?post=2730"}],"version-history":[{"count":3,"href":"https:\/\/stadtgarten-verein.koeln\/index.php\/wp-json\/wp\/v2\/pages\/2730\/revisions"}],"predecessor-version":[{"id":2860,"href":"https:\/\/stadtgarten-verein.koeln\/index.php\/wp-json\/wp\/v2\/pages\/2730\/revisions\/2860"}],"up":[{"embeddable":true,"href":"https:\/\/stadtgarten-verein.koeln\/index.php\/wp-json\/wp\/v2\/pages\/2139"}],"wp:attachment":[{"href":"https:\/\/stadtgarten-verein.koeln\/index.php\/wp-json\/wp\/v2\/media?parent=2730"}],"curies":[{"name":"wp","href":"https:\/\/api.w.org\/{rel}","templated":true}]}}

<p>Die Gattung der Buchen ist mit etwa 10 Arten in der nördlichen gemäßigten Zone Europas, Asiens und Nordamerikas vertreten. Die Rot-Buche ist die einzige natürlich verbreitete Art in Deutschland. Ihr Verbreitungsgebiet ist durch ein gemäßigtes, atlantisch beeinflusstes Klima geprägt. Sie kommt in West- und Mitteleuropa sowie in den montanen Lagen Südeuropas natürlich vor. Im Osten und Norden Europas wir Ihr Vorkommen durch niedrige Temperaturen und Spätfröste begrenzt.</p>



<p>Bereits im Tertiär war die Gattung der Buchen in Mitteleuropa verbreitet, unter anderem konnte sie in den Sedimenten der Niederrheinischen Bucht nachgewiesen werden. Vor etwa 2 Millionen Jahren entstand die in der heutigen Zeit lebende Rot-Buche. In der letzten Kaltzeit wurde sie nördlich der Alpen verdrängt und überdauerte diesen Zeitraum in Refugien Süditaliens und des östlichen Südeuropas. Nach der letzten Kaltzeit kehrte die Rot-Buche etwa vor 14000 Jahren von Südeuropa über den Balkan nach Mitteleuropa zurück. Von Süden kommend erreichte sie vor etwa 8000 Jahren die Alpen und schließlich vor etwa 4000 Jahren die nord- und ostdeutschen Gebiete.</p>



<p>Die Rot-Buche kann Höhen von bis zu 45 m und ein Alter von 300-400 Jahren erreichen, wird in Einzelfällen jedoch auch älter. In den oberösterreichischen Kalkalpen hat ein italienisches Forscherteam einen durch jahrhundertelangen Kampf gegen klimatische Extreme geprägten Baum mit einem Alter von 547 Jahren entdecken können.</p>



<p>Der sommergrüne Laubbaum hat frischgrün austreibende Blätter, die im Sommer auf der Blattoberseite dunkelgrün werden. Im Herbst verfärbt sich das Laub in den Farbtönen zwischen Gelb, Orange und Rotbraun. Im Winter bleiben die vertrockneten Blätter mitunter lange an den Zweigen haften. Die schnittverträgliche Baumart wird gerne als Heckenpflanze verwendet, ihre lang anhaftendes Laub macht die Hecken auch im Winter blickdicht. In Landschaften wie dem Monschauer Heckenland werden diese Eigenschaften seit mindestens dem 17. Jahrhundert genutzt. Um die Häuser und Höfe auf den baumlosen Eifelhochflächen gegen die eisigen Westwinde im Winter zu schützen, wurden spektakuläre, teilweise bis zu 10 m hohe Windschutzhecken aus der Rot-Buche angelegt. Daneben wurden dort auch zahlreiche Flurhecken zur Einfriedung der Äcker und Felder gepflanzt.</p>



<p>Von der Rot-Buche gibt es einige Kulturformen, die sich im Wuchs, der Farbe und der Form des Laubes unterscheiden. Einige der schönsten Exemplare des Landes werden auf den folgenden Seiten beschrieben.</p>



<p>Der Name der Baumart bezieht sich nicht, wie häufig angenommen, auf die Farbe des Laubes, sondern auf die rötliche Färbung des Holzes nach der Verarbeitung. Das feinporige und harte Holz findet vielfältige Verwendungsmöglichkeiten. Es wird für Möbel, Parkette, harte Haushaltsgegenstände wie Kochlöffel und Wäscheklammern, Spielzeuge, Schnitt- und Furnierholz aber auch Industrie- und Brennholz verwendet. Etwa 1/6 des gesamten Holzeinschlages Deutschlands stammt von der Rotbuche.</p>



<p>Bis ins hohe Alter hat sie eine graue, dünne und glatte Rinde, in der sich häufig Liebespaare durch das Einritzen von Herzen und Initialen verewigen. Ihre von September bis Oktober reifenden Früchte dienen zahlreichen Vögeln und Säugetieren als Nahrung. Die Tiere sorgen mit der Einlagerung der dreikantigen Bucheckern in Nahrungsverstecke für eine Verbreitung der Samen.</p>



<p>Die Rot-Buche ist nach der letzten Waldinventur im Jahr 2014 mit einem Anteil von etwa 19 % der häufigste Laubbaum in den Nordrhein-Westfälischen Wäldern. Auf den meisten Standorten Mitteleuropas würde sie das natürliche Endstadium, die sogenannte Klimaxwald-Gesellschaft bilden und wird daher auch als „Mutter des Waldes“ bezeichnet. Sie bevorzugt nährstoffreiche, feuchte und tiefgründige Lehmböden, wächst aber auf fast allen mittleren Standorten. Lediglich staunasse, überschwemmte und sehr trockene Böden sowie Hochgebirgslagen begrenzen ihren natürlichen Lebensraum.</p>



<p>Obwohl sie in der Jugend kein schnelles Wachstum vorlegt, kann sie sich durch ihre Schattenfestigkeit im Waldbestand sehr gut durchsetzen. Selbst bei schlechten Lichtverhältnissen gelingt es ihr, sich im Unterstand zu behaupten. Sobald sie sich einen Raum im Kronenbereich erkämpft hat, setzt sie sich auf geeigneten Standorten gegen die meisten Baumarten durch. Mit ihrem dichten Laubwerk verdrängt sie durch Lichtentzug jegliche Konkurrenz unter Ihrer Krone.</p>



<p>Hätte der Mensch nicht in die Baumartenzusammensetzung der natürlichen Wälder eingegriffen, würde die Rot-Buche bis heute vermutlich die Waldgesellschaften Mitteleuropas dominieren. Es ist jedoch auch davon auszugehen, dass sich die Baumart gerade durch die Unterstützung des Menschen rasch verbreiten konnte. Als die Rot-Buche nach den Kaltzeiten des Quartärs wieder über die Alpen nach Mitteleuropa vordrang, waren alle Flächen bereits mit Baumarten, die sich schneller ausbreiten konnten, dicht bewaldet. Die vielfältigen Eingriffe des Menschen in die Struktur der Wälder schufen Freiräume und bereiteten ihr günstige Voraussetzungen für Ihre Verbreitung vor. Andererseits führte die großflächige Übernutzung der Laubwälder bis zum Beginn des 19. Jahrhunderts dazu, dass die Rot-Buche wieder aus den Wäldern verschwand und durch andere Baumarten wie die Fichte ersetzt wurde. Natürliche Rot-Buchen-Urwälder gibt es in Deutschland durch die seit Jahrtausenden andauernde menschliche Einflussnahme nicht mehr.</p>



<p>Im innerstädtischen Raum sterben Rot-Buchen häufig durch menschliche Eingriffe. Ihre dünne Rinde verträgt die Entfernung des schützenden Nachbarbaumes nicht. Auf eine plötzliche Freistellung reagiert sie wie wir Menschen mit einem Sonnenbrand. Die Beschädigung des Wurzelwerks und der Rinde ist häufig die Ursache für die Ausbreitung holzzersetzender Pilze. Werden die Wurzeln durch Grabungsarbeiten oder das Befahren mit schweren Maschinen beschädigt, sterben die Bäume oftmals innerhalb weniger Jahre ab. Die Rot-Buche toleriert ebenfalls keine Boden-Aufschüttungen im Wurzelbereich.</p>



<p>Die neuen klimatischen Veränderungen sind jedoch im Hinblick auf den Fortbestand der Rot-Buche besorgniserregend. In Deutschland wird der notwendige Mindest-Jahresniederschlag von etwa 500 mm seit dem Jahr 2018 in einigen Gebieten deutlich unterschritten. Der vorhandene Baumbestand hat sich in den letzten Jahrzehnten und teilweise Jahrhunderten mit höheren Niederschlagsmengen entwickelt und dementsprechend das Verhältnis von Blatt- zu Wurzelmasse ausgebildet. Die Rot-Buche ist nicht in der Lage, mit einer Reduktion der Kronenmasse auf den Wassermangel zu reagieren und vertrocknet daher auf vielen Flächen. Sie wird sich auf Dauer nur in Wuchsgebieten mit einem ausreichenden Jahresniederschlag und kurzen Trockenzeiten halten können.</p>



<figure class="wp-block-image size-full"><img loading="lazy" decoding="async" width="516" height="433" src="https://stadtgarten-verein.koeln/wp-content/uploads/2025/09/22-Rot-Buche.jpg" alt="" class="wp-image-2733" srcset="https://stadtgarten-verein.koeln/wp-content/uploads/2025/09/22-Rot-Buche.jpg 516w, https://stadtgarten-verein.koeln/wp-content/uploads/2025/09/22-Rot-Buche-300x252.jpg 300w" sizes="auto, (max-width: 516px) 100vw, 516px" /></figure>



<p>Bildquelle: Christoph Michels, Dipl. Forstwirt</p>

<p>Die Gattung der Buchen ist mit etwa 10 Arten in der nördlichen gemäßigten Zone Europas, Asiens und Nordamerikas vertreten. Die Rot-Buche ist die einzige natürlich verbreitete Art in Deutschland. Ihr Verbreitungsgebiet ist durch ein gemäßigtes, atlantisch beeinflusstes Klima geprägt. Sie kommt in West- und Mitteleuropa sowie in den montanen Lagen Südeuropas natürlich vor. Im Osten [&hellip;]</p>
