{"id":75,"date":"2024-08-15T14:13:38","date_gmt":"2024-08-15T14:13:38","guid":{"rendered":"https:\/\/stadtgarten-verein.koeln\/?page_id=75"},"modified":"2026-04-14T09:20:57","modified_gmt":"2026-04-14T07:20:57","slug":"startseite","status":"publish","type":"page","link":"https:\/\/stadtgarten-verein.koeln\/","title":{"rendered":"Wir f\u00fcr den Park! Wir f\u00fcr das Veedel!"},"content":{"rendered":"\n<div class=\"wp-block-group alignfull has-base-background-color has-background has-global-padding is-layout-constrained wp-container-core-group-is-layout-d89aad35 wp-block-group-is-layout-constrained\" style=\"margin-top:0;margin-bottom:0;padding-top:var(--wp--preset--spacing--50);padding-right:var(--wp--preset--spacing--50);padding-bottom:var(--wp--preset--spacing--50);padding-left:var(--wp--preset--spacing--50)\">\n<div class=\"wp-block-cb-carousel-v2 cb-carousel-block cb-single-slide\" data-cb-slides-per-view=\"1\" data-cb-slides-per-group=\"1\" data-cb-space-between=\"0\" data-cb-speed=\"800\" data-cb-loop=\"true\" data-cb-autoplay=\"true\" data-cb-autoplay-speed=\"6000\" data-cb-breakpoints=\"{&quot;768&quot;:{&quot;slidesPerView&quot;:1,&quot;slidesPerGroup&quot;:1}}\"><div class=\"swiper\"><div class=\"cb-wrapper swiper-wrapper\">\n<div class=\"wp-block-cb-slide-v2 cb-slide swiper-slide\">\n<figure class=\"wp-block-image size-large\"><img loading=\"lazy\" decoding=\"async\" width=\"1024\" height=\"682\" src=\"https:\/\/stadtgarten-verein.koeln\/wp-content\/uploads\/2025\/11\/Stadtgarten-eV-ParkPlatzTag-\u00a9simonveith-web-350-1024x682.jpeg\" alt=\"\" class=\"wp-image-3006\" srcset=\"https:\/\/stadtgarten-verein.koeln\/wp-content\/uploads\/2025\/11\/Stadtgarten-eV-ParkPlatzTag-\u00a9simonveith-web-350-1024x682.jpeg 1024w, https:\/\/stadtgarten-verein.koeln\/wp-content\/uploads\/2025\/11\/Stadtgarten-eV-ParkPlatzTag-\u00a9simonveith-web-350-300x200.jpeg 300w, https:\/\/stadtgarten-verein.koeln\/wp-content\/uploads\/2025\/11\/Stadtgarten-eV-ParkPlatzTag-\u00a9simonveith-web-350-768x512.jpeg 768w, https:\/\/stadtgarten-verein.koeln\/wp-content\/uploads\/2025\/11\/Stadtgarten-eV-ParkPlatzTag-\u00a9simonveith-web-350.jpeg 1400w\" sizes=\"auto, (max-width: 1024px) 100vw, 1024px\" \/><\/figure>\n<\/div>\n\n\n\n<div class=\"wp-block-cb-slide-v2 cb-slide swiper-slide\">\n<figure class=\"wp-block-image size-large\"><img loading=\"lazy\" decoding=\"async\" width=\"1024\" height=\"768\" src=\"https:\/\/stadtgarten-verein.koeln\/wp-content\/uploads\/2025\/09\/IMG_6443-1024x768.jpeg\" alt=\"\" class=\"wp-image-2931\" srcset=\"https:\/\/stadtgarten-verein.koeln\/wp-content\/uploads\/2025\/09\/IMG_6443-1024x768.jpeg 1024w, https:\/\/stadtgarten-verein.koeln\/wp-content\/uploads\/2025\/09\/IMG_6443-300x225.jpeg 300w, https:\/\/stadtgarten-verein.koeln\/wp-content\/uploads\/2025\/09\/IMG_6443-768x576.jpeg 768w, https:\/\/stadtgarten-verein.koeln\/wp-content\/uploads\/2025\/09\/IMG_6443.jpeg 1100w\" sizes=\"auto, (max-width: 1024px) 100vw, 1024px\" \/><\/figure>\n<\/div>\n<\/div><\/div><\/div>\n\n\n\n<p>Wir engagieren uns f\u00fcr Fahrrad- und Fu\u00dfverkehr, mehr Gr\u00fcn und Schatten und mehr Nachbarschaft im Stadtgarten-Veedel. Macht mit und lasst uns gemeinsam herausfinden, wie wir uns in unserem Veedel dem Klimawandel menschlich und \u00f6kologisch anpassen.<\/p>\n\n\n\n<div class=\"wp-block-columns is-layout-flex wp-container-core-columns-is-layout-28f84493 wp-block-columns-is-layout-flex\">\n<div class=\"wp-block-column is-layout-flow wp-block-column-is-layout-flow\" style=\"flex-basis:33.33%\">\n<figure class=\"wp-block-image size-large\"><img loading=\"lazy\" decoding=\"async\" width=\"1024\" height=\"1024\" src=\"https:\/\/stadtgarten-verein.koeln\/wp-content\/uploads\/2025\/01\/SuperblocksBewegung_Logo3-5-1024x1024.png\" alt=\"\" class=\"wp-image-2174\" style=\"aspect-ratio:1\" srcset=\"https:\/\/stadtgarten-verein.koeln\/wp-content\/uploads\/2025\/01\/SuperblocksBewegung_Logo3-5-1024x1024.png 1024w, https:\/\/stadtgarten-verein.koeln\/wp-content\/uploads\/2025\/01\/SuperblocksBewegung_Logo3-5-300x300.png 300w, https:\/\/stadtgarten-verein.koeln\/wp-content\/uploads\/2025\/01\/SuperblocksBewegung_Logo3-5-150x150.png 150w, https:\/\/stadtgarten-verein.koeln\/wp-content\/uploads\/2025\/01\/SuperblocksBewegung_Logo3-5-768x768.png 768w, https:\/\/stadtgarten-verein.koeln\/wp-content\/uploads\/2025\/01\/SuperblocksBewegung_Logo3-5.png 1080w\" sizes=\"auto, (max-width: 1024px) 100vw, 1024px\" \/><\/figure>\n<\/div>\n\n\n\n<div class=\"wp-block-column is-layout-flow wp-block-column-is-layout-flow\" style=\"flex-basis:66.66%\">\n<div style=\"height:25px\" aria-hidden=\"true\" class=\"wp-block-spacer\"><\/div>\n\n\n\n<h4 class=\"wp-block-heading has-contrast-2-color has-accent-3-background-color has-text-color has-background has-link-color wp-elements-f5e7349b91a28e462cb6ce0936f15c15\">A<strong>m 5. September 2024 beschloss die K\u00f6lner Bezirksvertretung-Innenstadt das <a href=\"https:\/\/stadtgarten-verein.koeln\/index.php\/das-koelner-superveedel\/\">Pilotprojekt Superveedel Stadtgarten<\/a><\/strong>.<\/h4>\n<\/div>\n<\/div>\n\n\n\n<div class=\"wp-block-columns is-layout-flex wp-container-core-columns-is-layout-28f84493 wp-block-columns-is-layout-flex\">\n<div class=\"wp-block-column has-contrast-color has-text-color has-link-color wp-elements-fecc017e2d4326e73b51625bfd29b4ca is-layout-flow wp-block-column-is-layout-flow\" style=\"flex-basis:33.33%\"><\/div>\n\n\n\n<div class=\"wp-block-column is-layout-flow wp-block-column-is-layout-flow\"><\/div>\n\n\n\n<div class=\"wp-block-column has-contrast-color has-text-color has-link-color wp-elements-c22b23a63a87677fad1ebbc804a23715 is-layout-flow wp-block-column-is-layout-flow\" style=\"flex-basis:66.66%\">\n<h5 class=\"wp-block-heading has-contrast-3-color has-text-color has-link-color wp-elements-97d27c2b7a26916c4773cac4f85f659d\">N\u00e4chste Termine<\/h5>\n\n\n\n<div style=\"height:20px\" aria-hidden=\"true\" class=\"wp-block-spacer\"><\/div>\n\n\n\n<h5 class=\"wp-block-heading\">24.04.2026<\/h5>\n\n\n\n<h6 class=\"wp-block-heading\">Einf\u00fchrung in unsere digitale Baumkarte und Beschilderung des Stadtgartens<\/h6>\n\n\n\n<p>Treffpunkt: Stadtgarten-Tor<\/p>\n\n\n\n<p>Zeit: 11 Uhr<\/p>\n\n\n\n<p><\/p>\n\n\n\n<figure class=\"wp-block-image size-full\"><img loading=\"lazy\" decoding=\"async\" width=\"1000\" height=\"563\" src=\"https:\/\/stadtgarten-verein.koeln\/wp-content\/uploads\/2026\/04\/Sharepic-digitale-Baumkarte.jpg\" alt=\"\" class=\"wp-image-3119\" srcset=\"https:\/\/stadtgarten-verein.koeln\/wp-content\/uploads\/2026\/04\/Sharepic-digitale-Baumkarte.jpg 1000w, https:\/\/stadtgarten-verein.koeln\/wp-content\/uploads\/2026\/04\/Sharepic-digitale-Baumkarte-300x169.jpg 300w, https:\/\/stadtgarten-verein.koeln\/wp-content\/uploads\/2026\/04\/Sharepic-digitale-Baumkarte-768x432.jpg 768w\" sizes=\"auto, (max-width: 1000px) 100vw, 1000px\" \/><\/figure>\n\n\n\n<p><\/p>\n\n\n\n<div style=\"height:0px\" aria-hidden=\"true\" class=\"wp-block-spacer\"><\/div>\n\n\n\n<p style=\"border-style:none;border-width:0px\">Dipl. Forstwirt Christoph Michels von der Deutschen Dendrologischen Gesellschaft hat f\u00fcr unseren Verein die B\u00e4ume im Stadtgarten exakt bestimmt und und mit Geodaten versehen. Jetzt kann jede und jeder sie \u00fcber einen QR-Code mit dem Handy abrufen und dort Informationen \u00fcber die jeweilige Baumart finden. \u2013 Das ist eine echte Innovation und gibt es sonst f\u00fcr keine andere K\u00f6lner Gr\u00fcnanlage.<\/p>\n\n\n\n<div style=\"height:10px\" aria-hidden=\"true\" class=\"wp-block-spacer\"><\/div>\n\n\n\n<figure class=\"wp-block-image size-full\"><img loading=\"lazy\" decoding=\"async\" width=\"842\" height=\"595\" src=\"https:\/\/stadtgarten-verein.koeln\/wp-content\/uploads\/2026\/04\/SCHILD-Baumpfad-1.png\" alt=\"\" class=\"wp-image-3118\" srcset=\"https:\/\/stadtgarten-verein.koeln\/wp-content\/uploads\/2026\/04\/SCHILD-Baumpfad-1.png 842w, https:\/\/stadtgarten-verein.koeln\/wp-content\/uploads\/2026\/04\/SCHILD-Baumpfad-1-300x212.png 300w, https:\/\/stadtgarten-verein.koeln\/wp-content\/uploads\/2026\/04\/SCHILD-Baumpfad-1-768x543.png 768w\" sizes=\"auto, (max-width: 842px) 100vw, 842px\" \/><\/figure>\n\n\n\n<div style=\"height:30px\" aria-hidden=\"true\" class=\"wp-block-spacer\"><\/div>\n\n\n\n<h5 class=\"wp-block-heading\">23.05.2026, Ehrentag<\/h5>\n\n\n\n<h6 class=\"wp-block-heading\">M\u00fcllsammelaktion im Stadtgarten-Park<\/h6>\n\n\n\n<p>in Kooperation mit Zero Waste und der Christuskirche<\/p>\n\n\n\n<div style=\"height:10px\" aria-hidden=\"true\" class=\"wp-block-spacer\"><\/div>\n\n\n\n<figure class=\"wp-block-image size-large\"><img loading=\"lazy\" decoding=\"async\" width=\"1024\" height=\"576\" src=\"https:\/\/stadtgarten-verein.koeln\/wp-content\/uploads\/2026\/04\/Sharepic-Ehrentag-2026-1024x576.png\" alt=\"\" class=\"wp-image-3107\" srcset=\"https:\/\/stadtgarten-verein.koeln\/wp-content\/uploads\/2026\/04\/Sharepic-Ehrentag-2026-1024x576.png 1024w, https:\/\/stadtgarten-verein.koeln\/wp-content\/uploads\/2026\/04\/Sharepic-Ehrentag-2026-300x169.png 300w, https:\/\/stadtgarten-verein.koeln\/wp-content\/uploads\/2026\/04\/Sharepic-Ehrentag-2026-768x432.png 768w, https:\/\/stadtgarten-verein.koeln\/wp-content\/uploads\/2026\/04\/Sharepic-Ehrentag-2026-1536x864.png 1536w, https:\/\/stadtgarten-verein.koeln\/wp-content\/uploads\/2026\/04\/Sharepic-Ehrentag-2026.png 1920w\" sizes=\"auto, (max-width: 1024px) 100vw, 1024px\" \/><\/figure>\n\n\n\n<div style=\"height:30px\" aria-hidden=\"true\" class=\"wp-block-spacer\"><\/div>\n\n\n\n<h5 class=\"wp-block-heading\">03.05.2026<\/h5>\n\n\n\n<h6 class=\"wp-block-heading\">Jane\u2019s Walk durch das Stadtgarten Superveedel<\/h6>\n\n\n\n<p>in Kooperation mit Fu\u00df e.&nbsp;V., RadKomm e. V., VCD e. V. und dem Blinden- und Sehbehindertenverband Nordrhein e. V.<\/p>\n\n\n\n<p>F\u00fchrung Harald Schuster<\/p>\n\n\n\n<p>Treffpunkt: Christuskirche, Dorothee-S\u00f6lle-Platz, 50672 K\u00f6ln<\/p>\n\n\n\n<p>Zeit 13 Uhr<\/p>\n\n\n\n<div style=\"height:10px\" aria-hidden=\"true\" class=\"wp-block-spacer\"><\/div>\n\n\n\n<figure class=\"wp-block-image size-large\"><img loading=\"lazy\" decoding=\"async\" width=\"1024\" height=\"682\" src=\"https:\/\/stadtgarten-verein.koeln\/wp-content\/uploads\/2026\/04\/Jane_s-Walk-KoI\u0088ln-2026-Kopie-1024x682.png\" alt=\"\" class=\"wp-image-3108\" srcset=\"https:\/\/stadtgarten-verein.koeln\/wp-content\/uploads\/2026\/04\/Jane_s-Walk-KoI\u0088ln-2026-Kopie-1024x682.png 1024w, https:\/\/stadtgarten-verein.koeln\/wp-content\/uploads\/2026\/04\/Jane_s-Walk-KoI\u0088ln-2026-Kopie-300x200.png 300w, https:\/\/stadtgarten-verein.koeln\/wp-content\/uploads\/2026\/04\/Jane_s-Walk-KoI\u0088ln-2026-Kopie-768x512.png 768w, https:\/\/stadtgarten-verein.koeln\/wp-content\/uploads\/2026\/04\/Jane_s-Walk-KoI\u0088ln-2026-Kopie.png 1280w\" sizes=\"auto, (max-width: 1024px) 100vw, 1024px\" \/><\/figure>\n\n\n\n<div style=\"height:30px\" aria-hidden=\"true\" class=\"wp-block-spacer\"><\/div>\n\n\n\n<h5 class=\"wp-block-heading\">Datum noch offen<\/h5>\n\n\n\n<h6 class=\"wp-block-heading\">Hitzewanderung durchs Stadtgartenveedel<\/h6>\n\n\n\n<p>in Kooperation mit dem Verbraucherschutz NRW<\/p>\n\n\n\n<p><\/p>\n\n\n\n<div style=\"height:10px\" aria-hidden=\"true\" class=\"wp-block-spacer\"><\/div>\n\n\n\n<h5 class=\"wp-block-heading\">13.09.2026<\/h5>\n\n\n\n<h6 class=\"wp-block-heading\">2 F\u00fchrungen durch den Stadtgarten am Tag des offenen Denkmals<\/h6>\n\n\n\n<p>mit dem Dendrologen Christoph Michels, Autor von \u201eStarke B\u00e4ume in NRW\u201c<\/p>\n\n\n\n<p><\/p>\n\n\n\n<div style=\"height:10px\" aria-hidden=\"true\" class=\"wp-block-spacer\"><\/div>\n\n\n\n<h5 class=\"wp-block-heading\">19.09.2026, World Cleanup Day<\/h5>\n\n\n\n<h6 class=\"wp-block-heading\">M\u00fcllsammelaktion im Stadtgarten-Park<\/h6>\n\n\n\n<div style=\"height:10px\" aria-hidden=\"true\" class=\"wp-block-spacer\"><\/div>\n\n\n\n<h5 class=\"wp-block-heading\">20.09.2026<\/h5>\n\n\n\n<h6 class=\"wp-block-heading\">ParkPlatzTag<\/h6>\n\n\n\n<p>Er\u00f6ffnung durch Oliver Krischer, NRW-Minister f\u00fcr Umwelt, Naturschutz und Verkehr<\/p>\n\n\n\n<p>Thema: Hitze &amp; Gesundheit<\/p>\n\n\n\n<div style=\"height:10px\" aria-hidden=\"true\" class=\"wp-block-spacer\"><\/div>\n\n\n\n<h5 class=\"wp-block-heading\">2027<\/h5>\n\n\n\n<h6 class=\"wp-block-heading\">Jubil\u00e4um 200 Jahre K\u00f6lner Stadtgarten<\/h6>\n\n\n\n<p><\/p>\n\n\n\n<div style=\"height:50px\" aria-hidden=\"true\" class=\"wp-block-spacer\"><\/div>\n\n\n\n<hr class=\"wp-block-separator has-alpha-channel-opacity\"\/>\n\n\n\n<div style=\"height:50px\" aria-hidden=\"true\" class=\"wp-block-spacer\"><\/div>\n\n\n\n<p><\/p>\n\n\n\n<h5 class=\"wp-block-heading has-contrast-3-color has-text-color has-link-color wp-elements-4ab61344e5a14758bcdbd13d4fef2acb\">Danke f\u00fcr ein erfolgreiches Jahr 2025!<\/h5>\n\n\n\n<div style=\"height:20px\" aria-hidden=\"true\" class=\"wp-block-spacer\"><\/div>\n\n\n\n<p>Liebe Unterst\u00fctzer:innen,&nbsp;liebe Freund:innen des Stadtgarten e.&nbsp;V., liebe Interessierte und Engagierte,<\/p>\n\n\n\n<div style=\"height:10px\" aria-hidden=\"true\" class=\"wp-block-spacer\"><\/div>\n\n\n\n<p>wir w\u00fcnschen Euch allen einen guten Start f\u00fcr 2026!<\/p>\n\n\n\n<div style=\"height:10px\" aria-hidden=\"true\" class=\"wp-block-spacer\"><\/div>\n\n\n\n<p>Was f\u00fcr eine spannende Zeit liegt hinter uns! \u2013 2025 war ein intensives Jahr voller gemeinschaftlicher Aktivit\u00e4ten \u2013 das w\u00e4re ohne Eure gro\u00dfz\u00fcgige Unterst\u00fctzung nicht m\u00f6glich gewesen. Dank Eurer vertrauensvollen Zusammenarbeit, klugen Beratung und dem unerm\u00fcdlichen Einsatz aller Ehrenamtlichen und Aktivist:innen konnten wir gemeinsam unsere Aktionen und Diskurse rund um den Park und das Stadtgarten Superveedel so nachhaltig umsetzen. \u2013 Ihr macht den Stadtgarten e.&nbsp;V. zu dem, was er ist!<\/p>\n\n\n\n<div style=\"height:10px\" aria-hidden=\"true\" class=\"wp-block-spacer\"><\/div>\n\n\n\n<p>Lasst uns 2026 noch mutiger tr\u00e4umen und wirken!<\/p>\n\n\n\n<div style=\"height:10px\" aria-hidden=\"true\" class=\"wp-block-spacer\"><\/div>\n\n\n\n<p>Herzliche Gr\u00fc\u00dfe<\/p>\n\n\n\n<div style=\"height:10px\" aria-hidden=\"true\" class=\"wp-block-spacer\"><\/div>\n\n\n\n<p>Der Vorstand des Stadtgarten e.&nbsp;V.<\/p>\n\n\n\n<div style=\"height:10px\" aria-hidden=\"true\" class=\"wp-block-spacer\"><\/div>\n\n\n\n<p>Iris Pinkepank, Monika Binder,  Dr. Uwe Alkemper<\/p>\n\n\n\n<div style=\"height:40px\" aria-hidden=\"true\" class=\"wp-block-spacer\"><\/div>\n\n\n\n<h5 class=\"wp-block-heading has-contrast-3-color has-text-color has-link-color wp-elements-be1d44bc13cfd61b1d146fa334029bd3\">Wer gerne Genaueres erfahren m\u00f6chte, hier unser Jahresr\u00fcckblick:&nbsp;<\/h5>\n\n\n\n<div style=\"height:20px\" aria-hidden=\"true\" class=\"wp-block-spacer\"><\/div>\n\n\n\n<h6 class=\"wp-block-heading\">Highlights<strong> 2025<\/strong><\/h6>\n\n\n\n<div style=\"height:10px\" aria-hidden=\"true\" class=\"wp-block-spacer\"><\/div>\n\n\n\n<p><strong>Januar:<\/strong>&nbsp;Mit der Pr\u00e4sentation von Architekturstudierenden der TH K\u00f6ln startete das Jahr \u2013 Till Sammertinger stellte seine Vision f\u00fcr ein offenes Superveedel-Konzept vor, in dem Veedelsbewohner:innen selbst experimentieren k\u00f6nnen.<\/p>\n\n\n\n<div style=\"height:10px\" aria-hidden=\"true\" class=\"wp-block-spacer\"><\/div>\n\n\n\n<p><strong>Februar:<\/strong>&nbsp;Wir wurden als eine von nur 10 Organisationen in NRW ins NRW-Umweltministerium zu Minister Oliver Krischer eingeladen und durften am Qualifizierungsprojekt \u201eWir bewegen was! Engagiert in NRW!\u201c teilnehmen.<\/p>\n\n\n\n<div style=\"height:10px\" aria-hidden=\"true\" class=\"wp-block-spacer\"><\/div>\n\n\n\n<p><strong>M\u00e4rz:<\/strong>&nbsp;Mit einem kleinen Turnier haben wir die neue Boule-Bahn im Stadtgarten er\u00f6ffnet \u2013 gebaut in guter Kooperation mit dem Gr\u00fcnfl\u00e4chenamt. Sie wird seitdem bereits regelm\u00e4\u00dfig genutzt \u2013 von uns und von vielen anderen.<\/p>\n\n\n\n<div style=\"height:10px\" aria-hidden=\"true\" class=\"wp-block-spacer\"><\/div>\n\n\n\n<p><strong>April:<\/strong>&nbsp;Wir feierten die Pflanzung unseres Vereinsbaums im Stadtgarten.<\/p>\n\n\n\n<div style=\"height:10px\" aria-hidden=\"true\" class=\"wp-block-spacer\"><\/div>\n\n\n\n<p><strong>Mai:<\/strong>&nbsp;Im hei\u00dfen Sommer unterst\u00fctzten uns Nachbar:innen beim Bew\u00e4ssern des Parks. Am Tag der Nachbarschaft bepflanzten wir gemeinsam mit Konfirmand:innen der Christuskirche die Baumscheiben in der Kamekestra\u00dfe \u2013 dank Spenden der Alexianer Klosterg\u00e4rtnerei.<\/p>\n\n\n\n<div style=\"height:10px\" aria-hidden=\"true\" class=\"wp-block-spacer\"><\/div>\n\n\n\n<p><strong>Juni:<\/strong>&nbsp;Wir halfen mit beim Spielplatzfest im Stadtgarten.<\/p>\n\n\n\n<div style=\"height:10px\" aria-hidden=\"true\" class=\"wp-block-spacer\"><\/div>\n\n\n\n<p><strong>Juli:<\/strong>&nbsp;Wir gewannen den 1. Platz beim Rheinstart-Wettbewerb&nbsp;\u2013 gegen 32 Mitbewerber:innen! Und wir haben den Park gemeinsam mit Nachbarn mehrfach gew\u00e4ssert.<\/p>\n\n\n\n<div style=\"height:10px\" aria-hidden=\"true\" class=\"wp-block-spacer\"><\/div>\n\n\n\n<p><strong>August:<\/strong>&nbsp;Als Kooperationspartner der Ausstellung \u201eVerwurzelt\u201c des Bundesverbands Freie Fotografen und Filmgestalter e.&nbsp;V. erschlossen eine ganz neue und interessante Fl\u00e4che f\u00fcr Kunstpr\u00e4sentation und waren Teil des Festivals \u201eInternationale Photoszene K\u00f6ln\u201c.<\/p>\n\n\n\n<div style=\"height:10px\" aria-hidden=\"true\" class=\"wp-block-spacer\"><\/div>\n\n\n\n<p><strong>September<\/strong>: Am \u201eTag des offenen Denkmals\u201c diskutierten wir den Zustand und die Perspektiven des Parks auf unserem Symposium \u201eStadtgarten for Future \u2013 Klimawandel trifft historischen Park\u201c \u2013 ein Parkpflegewerk wurde als dringend erforderlich identifiziert. Bei der anschlie\u00dfenden Stadtgartenf\u00fchrung pr\u00e4sentierte der Dendrologe Christoph Michels unsere digitale Baumkarte.<\/p>\n\n\n\n<div style=\"height:10px\" aria-hidden=\"true\" class=\"wp-block-spacer\"><\/div>\n\n\n\n<p>Danach folgte der&nbsp;<strong>World Clean Up Day<\/strong>&nbsp;mit Nachbar:innen und Freiwilligen des Malteser Hilfswerks \u2013 die AWB mit \u201eK\u00f6lle putz munter\u201c unterst\u00fctzte mit Ausr\u00fcstung und Abtransport.<\/p>\n\n\n\n<div style=\"height:10px\" aria-hidden=\"true\" class=\"wp-block-spacer\"><\/div>\n\n\n\n<p>Den Abschluss bildete unser Highlight der&nbsp;ParkPlatzTag&nbsp;mit intensiven Diskussionen \u00fcber Parkpl\u00e4tze, Verkehrswende und Abk\u00fchlung. Mit dabei: Yasotharan Pakasathanan (Ampido), Matthias Deventer (Stadtkontraste), NRW-Staatssekret\u00e4r Viktor Haas (der Superveedel als \u201eMultitalente\u201c), Prof. D\u00f6rte Gatermann (1000 St\u00fchle 1000 B\u00e4ume), Katharina Sch\u00e4fer (Superblock NRW) und Dominik Kerl (Changing Cities e.&nbsp;V.), Kidical Mass mit Katja Diehl und die OB-Kandidat:innen. Stadtkontraste mit ihren Stra\u00dfenm\u00f6beln, Startklar a+b befragte Besucher:innen zu ihren W\u00fcnschen. Etwa 20 Klimawende-Initiativen stellten ihre Projekte vor. F\u00fcr unser leibliches Wohl sorgten: Al Andalus, Bredouille, Goldjunge, Gina Hollmann, Afroconnexions e.&nbsp;V. Die Christuskirche stand uns mit R\u00e4umen, Equipment und allem, was wir brauchten, gro\u00dfartig zur Seite. Ca. 2.000 Besucher:innen interessierten sich f\u00fcr unsere Veranstaltung.<\/p>\n\n\n\n<div style=\"height:10px\" aria-hidden=\"true\" class=\"wp-block-spacer\"><\/div>\n\n\n\n<p><strong>Oktober:<\/strong>&nbsp;Mit Kindern vom Rom e.&nbsp;V. bauten wir einen K\u00e4ferkeller f\u00fcr den seltenen Hirschk\u00e4fer \u2013 ein wichtiges Projekt f\u00fcr die Artenvielfalt im denkmalgesch\u00fctzten Park.<\/p>\n\n\n\n<div style=\"height:10px\" aria-hidden=\"true\" class=\"wp-block-spacer\"><\/div>\n\n\n\n<p><strong>November:<\/strong>&nbsp;Gemeinsam mit Krake e.&nbsp;V., Zero Waste e.&nbsp;V., Frings Treff e.&nbsp;V. und dem Superblock Winzerveedel besuchten wir auf Einladung von Sven Lehmann (Bundestagsabgeordneter, Gr\u00fcne) Berliner Kiezblocks. Unter kundiger F\u00fchrung von Eckhard Hasler (Changing Cities e.&nbsp;V.) entdeckten wir innovative Konzepte wie Gr\u00fcne Gullys.<\/p>\n\n\n\n<div style=\"height:10px\" aria-hidden=\"true\" class=\"wp-block-spacer\"><\/div>\n\n\n\n<p>Unseren&nbsp;<strong>\u00f6kologischen Handabdruck<\/strong>&nbsp;haben wir vergr\u00f6\u00dfert, in dem wir gemeinsam mit anderen Superblock- und -veedel-Initiativen die Dachorganisationen K\u00f6lner Superveedel und Superblocks-NRW gegr\u00fcndeten haben. Damit verst\u00e4rken wir die Superblocks-Bewegung lokal und regional und machen K\u00f6ln zu ihrer NRW-Hauptstadt. Darauf zahlt unsere Teilnahme am \u00bbQualit\u00e4tscheck Beteiligung &amp; Mitwirkung\u00ab der Stiftung Mitarbeit ein, die uns als eine von bundesweit zehn Organisationen dazu eingeladen hat.<\/p>\n\n\n\n<div style=\"height:10px\" aria-hidden=\"true\" class=\"wp-block-spacer\"><\/div>\n\n\n\n<p>In den Medien waren wir vertreten im K\u00f6lner Stadtanzeiger, in der Stadtrevue, 3 Mal in Radio K\u00f6ln, im Jahresberichte 2024 der Stiftung Umwelt und Entwicklung NRW. Auch haben wir damit begonnen, einen Instagram-Kanal aufzubauen.<\/p>\n\n\n\n<div style=\"height:40px\" aria-hidden=\"true\" class=\"wp-block-spacer\"><\/div>\n\n\n\n<h5 class=\"wp-block-heading has-contrast-3-color has-text-color has-link-color wp-elements-8164a5aded605840ad43401d6fc570f8\">Unser Dank f\u00fcr ihre Unterst\u00fctzung gilt ebenfalls:<\/h5>\n\n\n\n<ul class=\"wp-block-list\">\n<li><strong>unseren F\u00f6rdergeber:innen:<\/strong>&nbsp;<\/li>\n<\/ul>\n\n\n\n<p>Bezirksvertretung Innenstadt, Deutsche Fernsehlotterie\/Stiftung Deutsches Hilfswerk, Deutsche Stiftung Denkmalschutz, NRW-Umweltministerium, Sparkasse K\u00f6ln-Bonn, Stiftung Baukultur NRW,  RheinEnergie AG, Umweltamt der Stadt K\u00f6ln, Volksbank K\u00f6ln-Bonn.<\/p>\n\n\n\n<ul class=\"wp-block-list\">\n<li><strong>unseren Kooperationspartner:innen:<\/strong>&nbsp;<\/li>\n<\/ul>\n\n\n\n<p>Christuskirche, Neues lernen e.&nbsp;V., Cowoki, TH K\u00f6ln, Gr\u00fcnfl\u00e4chenamt Stadt K\u00f6ln, Dezernat f\u00fcr Mobilit\u00e4t, Alexianer Klosterg\u00e4rtnerei, Bundesverband Freie Fotografen und Filmgestalter e.&nbsp;V., Haus der Architektur K\u00f6ln, Changing Cities e.&nbsp;V., K\u00f6lner Freiwilligen Agentur e.&nbsp;V., Stadtkontraste, Startklar a+b, Malteser Hilfswerk, AWB \u201eK\u00f6lle putz munter\u201c, Stadtgarten Restaurant &amp; Konzertsaal. Kidical Mass und weiteren ca. 20 Klimawende-Initiativen von unserem Markt der M\u00f6glichkeiten beim ParkPlatzTag.<\/p>\n\n\n\n<ul class=\"wp-block-list\">\n<li><strong>der Politik:<\/strong><\/li>\n<\/ul>\n\n\n\n<p>Sven Lehmann (MdB), Staatssekret\u00e4r Viktor Haase, den OB-Kandidat:innen und der Bezirksvertretung.<\/p>\n\n\n\n<div style=\"height:25px\" aria-hidden=\"true\" class=\"wp-block-spacer\"><\/div>\n\n\n\n<div class=\"wp-block-columns is-layout-flex wp-container-core-columns-is-layout-28f84493 wp-block-columns-is-layout-flex\">\n<div class=\"wp-block-column is-layout-flow wp-block-column-is-layout-flow\"><\/div>\n\n\n\n<div class=\"wp-block-column is-layout-flow wp-block-column-is-layout-flow\"><\/div>\n\n\n\n<div class=\"wp-block-column is-layout-flow wp-block-column-is-layout-flow\"><\/div>\n<\/div>\n<\/div>\n\n\n\n<div class=\"wp-block-column is-layout-flow wp-block-column-is-layout-flow\"><\/div>\n<\/div>\n<\/div>\n\n\n\n<p><\/p>\n","protected":false},"excerpt":{"rendered":"<p>Wir engagieren uns f\u00fcr Fahrrad- und Fu\u00dfverkehr, mehr Gr\u00fcn und Schatten und mehr Nachbarschaft im Stadtgarten-Veedel. Macht mit und lasst uns gemeinsam herausfinden, wie wir uns in unserem Veedel dem Klimawandel menschlich und \u00f6kologisch anpassen. Am 5. September 2024 beschloss die K\u00f6lner Bezirksvertretung-Innenstadt das Pilotprojekt Superveedel Stadtgarten. N\u00e4chste Termine 24.04.2026 Einf\u00fchrung in unsere digitale Baumkarte [&hellip;]<\/p>\n","protected":false},"author":2,"featured_media":0,"parent":0,"menu_order":0,"comment_status":"closed","ping_status":"closed","template":"","meta":{"footnotes":""},"class_list":["post-75","page","type-page","status-publish","hentry"],"_links":{"self":[{"href":"https:\/\/stadtgarten-verein.koeln\/index.php\/wp-json\/wp\/v2\/pages\/75","targetHints":{"allow":["GET"]}}],"collection":[{"href":"https:\/\/stadtgarten-verein.koeln\/index.php\/wp-json\/wp\/v2\/pages"}],"about":[{"href":"https:\/\/stadtgarten-verein.koeln\/index.php\/wp-json\/wp\/v2\/types\/page"}],"author":[{"embeddable":true,"href":"https:\/\/stadtgarten-verein.koeln\/index.php\/wp-json\/wp\/v2\/users\/2"}],"replies":[{"embeddable":true,"href":"https:\/\/stadtgarten-verein.koeln\/index.php\/wp-json\/wp\/v2\/comments?post=75"}],"version-history":[{"count":195,"href":"https:\/\/stadtgarten-verein.koeln\/index.php\/wp-json\/wp\/v2\/pages\/75\/revisions"}],"predecessor-version":[{"id":3142,"href":"https:\/\/stadtgarten-verein.koeln\/index.php\/wp-json\/wp\/v2\/pages\/75\/revisions\/3142"}],"wp:attachment":[{"href":"https:\/\/stadtgarten-verein.koeln\/index.php\/wp-json\/wp\/v2\/media?parent=75"}],"curies":[{"name":"wp","href":"https:\/\/api.w.org\/{rel}","templated":true}]}}