{"id":78,"date":"2024-08-15T14:18:26","date_gmt":"2024-08-15T14:18:26","guid":{"rendered":"https:\/\/stadtgarten-verein.koeln\/?page_id=78"},"modified":"2026-03-13T17:31:48","modified_gmt":"2026-03-13T16:31:48","slug":"ueber-uns","status":"publish","type":"page","link":"https:\/\/stadtgarten-verein.koeln\/index.php\/ueber-uns\/","title":{"rendered":"\u00dcber uns"},"content":{"rendered":"\n<div style=\"height:100px\" aria-hidden=\"true\" class=\"wp-block-spacer\"><\/div>\n\n\n\n<div class=\"wp-block-columns is-layout-flex wp-container-core-columns-is-layout-28f84493 wp-block-columns-is-layout-flex\">\n<div class=\"wp-block-column is-layout-flow wp-block-column-is-layout-flow\">\n<p class=\"has-contrast-color has-text-color has-link-color wp-elements-6d267af4e9fdab8e5b319858ed430e2e\">Der Stadtgarten e. V. hat sich am 17.01.2024 gegr\u00fcndet. Wir f\u00f6rdern ein umweltgerechtes und enkeltaugliches Veedel samt Park.<\/p>\n\n\n\n<p class=\"has-contrast-color has-text-color has-link-color wp-elements-0029950c9cb3642d95261c94003048bc\">Wir sind Nachbar:innen und Freund:innen des K\u00f6lner Stadtgartens. Der Klimawandel ruft uns auf den Plan! Fest steht: Die St\u00e4dte werden immer hei\u00dfer. So auch K\u00f6ln und unser Veedel. Menschen sterben. B\u00e4ume fallen dem Starkregen, St\u00fcrmen und Trockenheit zum Opfer. So auch in unserem Park. In der Zukunft m\u00fcssen wir uns anders verhalten, uns anders fortbewegen und unsere urbanen Strukturen anders bauen und bepflanzen.<\/p>\n\n\n\n<p class=\"has-contrast-color has-text-color has-link-color wp-elements-60bf8c67e2b6a9a3c02661d382b116e1\"><\/p>\n<\/div>\n\n\n\n<div class=\"wp-block-column is-layout-flow wp-block-column-is-layout-flow\">\n<p class=\"has-contrast-color has-text-color has-link-color wp-elements-b73f05b4bbef4c4c45bd095050c5dd3e\">Die Stadt K\u00f6ln will 2035 klimaneutral sein. Wir \u00fcberlegen jetzt, was das f\u00fcr unser Veedel bedeutet: Welche Ver\u00e4nderungen brauchen und m\u00f6chten wir? Wie finden wir das heraus? Wie bringen wir uns in diesen Transformationsprozess konstruktiv ein und gestalten ihn mit?<\/p>\n\n\n\n<p class=\"has-contrast-color has-text-color has-link-color wp-elements-fec2c032fd4a77e1ce6a60e81e4b7d6d\">Unsere Themen sind: der Stadtgarten-Park, das Stadtgarten-Veedel und die Nachbarschaft. Mit unserem zivilgesellschaftlichen Engagement sind wir dem Klimawandel nicht mehr nur ausgesetzt. Wir sind Treiber:innen und Mitgestalter:innen der urbanen Transformation in unserem allt\u00e4glichen Umfeld. \u2013 Das treibt uns an.<\/p>\n\n\n\n<div style=\"height:100px\" aria-hidden=\"true\" class=\"wp-block-spacer\"><\/div>\n<\/div>\n<\/div>\n\n\n\n<figure class=\"wp-block-image size-large\"><img loading=\"lazy\" decoding=\"async\" width=\"1024\" height=\"682\" src=\"https:\/\/stadtgarten-verein.koeln\/wp-content\/uploads\/2025\/10\/Stadtgarten-eV-ParkPlatzTag-\u00a9simonveith-web-412-1024x682.jpg\" alt=\"\" class=\"wp-image-2987\" srcset=\"https:\/\/stadtgarten-verein.koeln\/wp-content\/uploads\/2025\/10\/Stadtgarten-eV-ParkPlatzTag-\u00a9simonveith-web-412-1024x682.jpg 1024w, https:\/\/stadtgarten-verein.koeln\/wp-content\/uploads\/2025\/10\/Stadtgarten-eV-ParkPlatzTag-\u00a9simonveith-web-412-300x200.jpg 300w, https:\/\/stadtgarten-verein.koeln\/wp-content\/uploads\/2025\/10\/Stadtgarten-eV-ParkPlatzTag-\u00a9simonveith-web-412-768x512.jpg 768w, https:\/\/stadtgarten-verein.koeln\/wp-content\/uploads\/2025\/10\/Stadtgarten-eV-ParkPlatzTag-\u00a9simonveith-web-412.jpg 1400w\" sizes=\"auto, (max-width: 1024px) 100vw, 1024px\" \/><\/figure>\n","protected":false},"excerpt":{"rendered":"<p>Der Stadtgarten e. V. hat sich am 17.01.2024 gegr\u00fcndet. Wir f\u00f6rdern ein umweltgerechtes und enkeltaugliches Veedel samt Park. Wir sind Nachbar:innen und Freund:innen des K\u00f6lner Stadtgartens. Der Klimawandel ruft uns auf den Plan! Fest steht: Die St\u00e4dte werden immer hei\u00dfer. So auch K\u00f6ln und unser Veedel. Menschen sterben. B\u00e4ume fallen dem Starkregen, St\u00fcrmen und Trockenheit [&hellip;]<\/p>\n","protected":false},"author":2,"featured_media":0,"parent":0,"menu_order":30,"comment_status":"closed","ping_status":"closed","template":"","meta":{"footnotes":""},"class_list":["post-78","page","type-page","status-publish","hentry"],"_links":{"self":[{"href":"https:\/\/stadtgarten-verein.koeln\/index.php\/wp-json\/wp\/v2\/pages\/78","targetHints":{"allow":["GET"]}}],"collection":[{"href":"https:\/\/stadtgarten-verein.koeln\/index.php\/wp-json\/wp\/v2\/pages"}],"about":[{"href":"https:\/\/stadtgarten-verein.koeln\/index.php\/wp-json\/wp\/v2\/types\/page"}],"author":[{"embeddable":true,"href":"https:\/\/stadtgarten-verein.koeln\/index.php\/wp-json\/wp\/v2\/users\/2"}],"replies":[{"embeddable":true,"href":"https:\/\/stadtgarten-verein.koeln\/index.php\/wp-json\/wp\/v2\/comments?post=78"}],"version-history":[{"count":12,"href":"https:\/\/stadtgarten-verein.koeln\/index.php\/wp-json\/wp\/v2\/pages\/78\/revisions"}],"predecessor-version":[{"id":3075,"href":"https:\/\/stadtgarten-verein.koeln\/index.php\/wp-json\/wp\/v2\/pages\/78\/revisions\/3075"}],"wp:attachment":[{"href":"https:\/\/stadtgarten-verein.koeln\/index.php\/wp-json\/wp\/v2\/media?parent=78"}],"curies":[{"name":"wp","href":"https:\/\/api.w.org\/{rel}","templated":true}]}}

Über uns

<div style="height:100px" aria-hidden="true" class="wp-block-spacer"></div>



<div class="wp-block-columns is-layout-flex wp-container-core-columns-is-layout-28f84493 wp-block-columns-is-layout-flex">
<div class="wp-block-column is-layout-flow wp-block-column-is-layout-flow">
<p class="has-contrast-color has-text-color has-link-color wp-elements-6d267af4e9fdab8e5b319858ed430e2e">Der Stadtgarten e. V. hat sich am 17.01.2024 gegründet. Wir fördern ein umweltgerechtes und enkeltaugliches Veedel samt Park.</p>



<p class="has-contrast-color has-text-color has-link-color wp-elements-0029950c9cb3642d95261c94003048bc">Wir sind Nachbar:innen und Freund:innen des Kölner Stadtgartens. Der Klimawandel ruft uns auf den Plan! Fest steht: Die Städte werden immer heißer. So auch Köln und unser Veedel. Menschen sterben. Bäume fallen dem Starkregen, Stürmen und Trockenheit zum Opfer. So auch in unserem Park. In der Zukunft müssen wir uns anders verhalten, uns anders fortbewegen und unsere urbanen Strukturen anders bauen und bepflanzen.</p>



<p class="has-contrast-color has-text-color has-link-color wp-elements-60bf8c67e2b6a9a3c02661d382b116e1"></p>
</div>



<div class="wp-block-column is-layout-flow wp-block-column-is-layout-flow">
<p class="has-contrast-color has-text-color has-link-color wp-elements-b73f05b4bbef4c4c45bd095050c5dd3e">Die Stadt Köln will 2035 klimaneutral sein. Wir überlegen jetzt, was das für unser Veedel bedeutet: Welche Veränderungen brauchen und möchten wir? Wie finden wir das heraus? Wie bringen wir uns in diesen Transformationsprozess konstruktiv ein und gestalten ihn mit?</p>



<p class="has-contrast-color has-text-color has-link-color wp-elements-fec2c032fd4a77e1ce6a60e81e4b7d6d">Unsere Themen sind: der Stadtgarten-Park, das Stadtgarten-Veedel und die Nachbarschaft. Mit unserem zivilgesellschaftlichen Engagement sind wir dem Klimawandel nicht mehr nur ausgesetzt. Wir sind Treiber:innen und Mitgestalter:innen der urbanen Transformation in unserem alltäglichen Umfeld. – Das treibt uns an.</p>



<div style="height:100px" aria-hidden="true" class="wp-block-spacer"></div>
</div>
</div>



<figure class="wp-block-image size-large"><img loading="lazy" decoding="async" width="1024" height="682" src="https://stadtgarten-verein.koeln/wp-content/uploads/2025/10/Stadtgarten-eV-ParkPlatzTag-©simonveith-web-412-1024x682.jpg" alt="" class="wp-image-2987" srcset="https://stadtgarten-verein.koeln/wp-content/uploads/2025/10/Stadtgarten-eV-ParkPlatzTag-©simonveith-web-412-1024x682.jpg 1024w, https://stadtgarten-verein.koeln/wp-content/uploads/2025/10/Stadtgarten-eV-ParkPlatzTag-©simonveith-web-412-300x200.jpg 300w, https://stadtgarten-verein.koeln/wp-content/uploads/2025/10/Stadtgarten-eV-ParkPlatzTag-©simonveith-web-412-768x512.jpg 768w, https://stadtgarten-verein.koeln/wp-content/uploads/2025/10/Stadtgarten-eV-ParkPlatzTag-©simonveith-web-412.jpg 1400w" sizes="auto, (max-width: 1024px) 100vw, 1024px" /></figure>

<p>Der Stadtgarten e. V. hat sich am 17.01.2024 gegründet. Wir fördern ein umweltgerechtes und enkeltaugliches Veedel samt Park. Wir sind Nachbar:innen und Freund:innen des Kölner Stadtgartens. Der Klimawandel ruft uns auf den Plan! Fest steht: Die Städte werden immer heißer. So auch Köln und unser Veedel. Menschen sterben. Bäume fallen dem Starkregen, Stürmen und Trockenheit [&hellip;]</p>
